 -a*k + 96. What are the prime factors of k?
2, 3
Suppose -2*w - 2*a = -53 - 3, -4*a = 0. Let v = 2 + w. Let m = v + -23. List the prime factors of m.
7
Suppose 0 = -4*v - 3*o + 20, -5*o + 0 + 12 = -4*v. Suppose 0 = -2*c - 5*y + 4 + 70, 0 = v*y. What are the prime factors of c?
37
Suppose -p + 4001 = -2*x, -x - 4*p + 8012 = -5*x. Let l be x/(-26) - (-10)/65. Let w = -46 + l. What are the prime factors of w?
31
Let s(o) = 2*o - 14. Let x be s(8). Let i be ((-6)/(-12))/((-1)/x). What are the prime factors of (24 - i)*(-14)/(-7)?
2, 5
Let a be (-4)/18 - (-101)/9. Suppose 3*j = -5*h + 190, -8*h = -5*h + 4*j - 103. Suppose -a = 2*v - h. List the prime factors of v.
3, 5
What are the prime factors of ((-8)/12)/(10/(-3295))*9?
3, 659
Let x(n) = 67*n**2 + 1. Let w be x(1). Suppose 4*p - 8*p = -w. Suppose -j = 2*j + 5*q - p, -j + 11 = -q. What are the prime factors of j?
3
Let h = 619 - 275. What are the prime factors of h?
2, 43
Let c(d) = -d**2 + 12*d - 17. Let q be c(11). List the prime factors of 123 + q/(-2) - (0 + 1).
5
Let a = -12 - -35. Suppose -3*u + 69 = -0*u + 5*i, -u - i = -a. Let z = u - 17. List the prime factors of z.
2, 3
Suppose -5 = t + f, 16 = -2*t + f - 5*f. Let z = 54 - t. What are the prime factors of z?
2, 7
Let d(k) = 724*k - 357. List the prime factors of d(4).
2539
Let s(r) = -r + 27. Let u(n) = -3*n + 53. Let m(p) = -5*s(p) + 2*u(p). Let c be m(-12). Let t = 14 - c. What are the prime factors of t?
31
List the prime factors of (2/4)/((-45)/(-35010)).
389
Suppose 0 = -4*m + 5*d - 112, 0*d = m - 3*d + 28. What are the prime factors of (-202)/(-10) - m/35?
3, 7
List the prime factors of ((-42921)/(-21) - -4) + (-11)/(-77).
2
Let j(k) = 3*k**3 - 2*k**2 - 9*k + 50. What are the prime factors of j(7)?
2, 3, 17
Let x = -9 - -13. Suppose -5*d + x*d + 69 = 0. List the prime factors of d.
3, 23
Let k(b) = 2*b**2 - b - 1. Let w be k(0). What are the prime factors of w/(5/((-50)/2))?
5
What are the prime factors of 0 + (3 - 5 - -6)?
2
Let j be ((-70)/15 - -4) + (-28)/(-6). Suppose 36 = j*b - b. List the prime factors of b.
2, 3
Let p be -12*(1 - 7/2). Suppose -2*x + 13 = -w, 5*x - 5 = 3*w + p. List the prime factors of -4*-17*x/8.
2, 17
Let u(o) be the second derivative of 1/2*o**2 + 0*o**4 - 9/20*o**5 + 0*o**3 + 0 + o. List the prime factors of u(-1).
2, 5
Let z(d) = -2*d**3 + 22*d + 49. What are the prime factors of z(-5)?
3, 7
Suppose 5*c = 15, -18*s - 2*c = -14*s - 5190. List the prime factors of s.
2, 3
Let i(j) = 25*j**3 + 3*j**2 - 4*j + 2. Let n be i(1). Let v = 37 - n. What are the prime factors of v?
11
Let y(h) = -h**3 - 3*h**2 - 2*h + 393. What are the prime factors of y(0)?
3, 131
Let y = -2001 - -3018. List the prime factors of y.
3, 113
Let t be 4*(3 - (-1 + 2)). What are the prime factors of (-1)/2 + (1132/t - -4)?
5, 29
Suppose -192*m + 185*m + 511 = 0. List the prime factors of m.
73
Let h = 632 - 2426. What are the prime factors of (-6)/27 + h/(-54)?
3, 11
Suppose 0 = -c - 3*u + 20, -2*c = -2*u - 24 - 32. Let v = c + -23. What are the prime factors of v?
3
Suppose -3*r - 31*g + 1047 = -27*g, 1396 = 4*r - 3*g. What are the prime factors of r?
349
Let f(d) = -23*d**3 + 2*d**2 - 3*d - 1. Let n be f(-2). Suppose -4*k + 2*k - 4*v = -126, 3*k = -4*v + n. List the prime factors of k.
71
Let n be (-13)/(1/12*-1). Suppose -12 = -6*o + n. Suppose 2*b = 114 - o. What are the prime factors of b?
43
Let r(f) = -f**3 + 5*f**2 + f. Let o be r(5). Suppose -5*i + 35 = o*k, 2*k - 4*i + 13 = k. Suppose -k*b + 13 = -14. What are the prime factors of b?
3
Suppose 3*z - 1933 = -s, 0 = -4*z + s - 1217 + 3785. What are the prime factors of z?
643
Let o be ((-5)/(-15))/((-1)/9). Let t = o + 8. Suppose 3*v = -k - v + 14, 4*v - 86 = -t*k. List the prime factors of k.
2, 3
Let y(n) = n**2 + 7*n - 13. Let g = 33 + -22. Let t be y(g). Suppose -x = -6*x + t. List the prime factors of x.
37
Let g be (12/16)/(0 + 3/(-1416)). What are the prime factors of (-3 - -4)/((-3)/g)?
2, 59
Let k(s) = 57*s + 96. Let p(q) = -3*q - 5. Let j(u) = 6*k(u) + 117*p(u). What are the prime factors of j(-4)?
3
Suppose -4*g - 34 = -2*c, 0*g = 5*c + 3*g - 72. Suppose -59 - 1 = -15*u. Suppose -3*q = -i - 2, 0 = -u*q - q + c. List the prime factors of i.
7
List the prime factors of (-4)/(-18) - 25300/(-36).
19, 37
Let s be -10*7/((-140)/8). Suppose 5*o = k + 41 + 25, -5*k = s*o - 76. Let h = 42 - o. List the prime factors of h.
2, 7
Suppose -x + 16 - 1 = 4*v, 7 = 3*v + 5*x. Suppose 4*g - 4*r + 102 = g, v*r + 78 = -3*g. List the prime factors of -1 - (-2)/(-2) - g.
2, 7
What are the prime factors of (7 - 40)/(((-63)/(-264))/(-7))?
2, 11
Let v = -31 - -33. Suppose -43 - 47 = -v*p. List the prime factors of p.
3, 5
Suppose -5*p - 3*m + 1280 = -1600, -4*m = 3*p - 1728. List the prime factors of p.
2, 3
Let c(m) = 3210*m**2 + 26*m + 27. List the prime factors of c(-1).
13, 19
Suppose -88 = 4*i - 24. Let f = 35 + -32. List the prime factors of -4*f/i*56.
2, 3, 7
Let m(f) be the third derivative of f**6/120 + f**5/6 - 6*f**2. Let v be m(-10). List the prime factors of 0 + v - 1088/(-17).
2
Let h(x) = -21*x**3 - 3*x**2 - 2*x - 2. What are the prime factors of h(-3)?
2, 17
Suppose g = -5*b - 4*g + 5, 4*g = 2*b + 16. Let r(n) = -12*n**3 - n + 1. Let j be r(b). Suppose 0*s - 3*s = -j. List the prime factors of s.
3, 11
Let s be (-1)/(((-6)/(-12))/((-662)/4)). Suppose 5*y - 14 = s. List the prime factors of y.
3, 23
Suppose -5*j = -2*j + p - 1028, 1373 = 4*j - p. Suppose -j = -5*o + 157. What are the prime factors of o?
2, 5
Suppose -5*s = -4*p + 17, 3*p + 2 = 5*p + 4*s. Suppose 0 = -5*a + 2*o + p*o + 95, 0 = -4*o - 4. Suppose 4*d - a - 62 = 0. What are the prime factors of d?
2, 5
Suppose 5*u + w = -0*w + 678, -3*u = -2*w - 399. List the prime factors of u.
3, 5
Suppose 0 = -3*q - 3*h - 33, 4*q - 2*h + 43 = -7. Let b = -7 - q. Let f = 37 + b. What are the prime factors of f?
2, 3, 7
Let i = 3025 - 2950. What are the prime factors of i?
3, 5
Suppose j = -5*i + 3*j + 620, 2*i = -4*j + 224. Suppose i = 6*b - 5*b. List the prime factors of b.
2, 61
Let q = 745 + -358. List the prime factors of q.
3, 43
Suppose -f + 5*m + 194 = 0, -29*m + 26*m - 9 = 0. What are the prime factors of f?
179
Suppose -5*t - 1 = 5*m - 11, 5*t + 15 = 0. Suppose -108 = -3*h + 2*q - 3*q, -h - m*q = -50. List the prime factors of 95/h - (-2)/7.
3
Suppose -6*p + 7 = -47. Suppose -11 - 25 = -p*x. List the prime factors of x.
2
Suppose 2*i - 8 = b - i, -5*i + 17 = 2*b. Suppose -10 = -h - b. Suppose -3*l + h = -12. What are the prime factors of l?
7
Suppose 0 = 5*g + 15, -g + 12 = -x - 4*g. Let y(j) = -6*j**2 - 4*j. Let s be y(x). Let o = s + 63. List the prime factors of o.
3, 7
Let a(m) = -3*m**2 - 2*m + 125. Let q = 123 + -123. List the prime factors of a(q).
5
Let t(u) = -8 + 2*u - 2*u + 8*u. Let k be t(-6). Let r = k + 121. What are the prime factors of r?
5, 13
Let r(b) be the second derivative of -b**5/20 + 2*b**4/3 - b**3 + 3*b**2/2 + 2*b. Let x be r(7). Suppose 0 = -f + 16 + x. What are the prime factors of f?
2, 13
Suppose -r - 7 + 100 = 0. What are the prime factors of 2*r*(-5)/(-30)?
31
Suppose 6*k - 5*k = 0. Suppose k = -0*q + 2*q + 5*j - 20, -4*q + j = -18. Suppose -o - 2*h = -0*h - 37, 5*o = q*h + 200. List the prime factors of o.
3, 13
Suppose -3*g = h - 25, -3*h - 16 = -1. Suppose -3*x + g = -2. Suppose 101 - 367 = -5*w + p, 0 = x*w - 2*p - 214. List the prime factors of w.
53
Let h = -67 + 56. List the prime factors of ((-33)/h)/(2/114).
3, 19
Let c be 48/(-32)*140/3. Let z = -7 - c. What are the prime factors of z?
3, 7
Let o(v) = 327*v**3 + 2*v**2 + 2*v - 3. Let g be o(1). Suppose -4*l + 3*i = -963, 3*l - g = -2*i + 373. What are the prime factors of l?
3, 79
Suppose -f + z = -562, 854 = 2*f - 5*z - 285. List the prime factors of f.
557
Suppose 6*o - 34 - 20 = 0. What are the prime factors of o/12 + (-1588)/(-16)?
2, 5
Let s = 7 + -5. Suppose 0 = -d - s*y - 4, 4*d - 3*y = 33 - 5. Suppose -5*i + 64 - d = 0. What are the prime factors of i?
2, 3
Let y(r) = r**3 - 9*r + 13. Let g be 8 + (1 - (-5 + 9)). List the prime factors of y(g).
3, 31
Let v = -172 + 15. Let o = -50 - v. What are the prime factors of o?
107
Suppose 123094 = 81*o - 68309. What are the prime factors of o?
17, 139
Suppose -2 = -3*z 